9
Let s(h) = h + 1. Let q(u) = 2*u**3 - 3*u**2 + 3*u - 4. Let o(m) = m**3 - 2*m**2 + 2*m - 3. Let p(n) = -3*o(n) + 2*q(n). Let c be p(-1). Determine s(c).
1
Let k(r) = -3*r + 1. Let f(z) = -z**2 - 7*z - 2. Let x be f(-6). Let h(b) = 8*b - 2. Let g(i) = x*h(i) + 11*k(i). Let s be 2 - (1 - 2)*1. Determine g(s).
0
Let n(s) = s**2 - 9*s + 1. Let t be n(9). Let j be (6 + (1 - 4))*t. Let y(k) = -k + 2. Calculate y(j).
-1
Let b = 97 - 94. Let m(p) = p**3 - 4*p**2 + p + 3. Give m(b).
-3
Let o(y) = 6*y + 2*y - 2*y + 2 + 3. Let g(d) = -2*d - d + 2*d + 1. Let b(s) = 5*g(s) + o(s). Determine b(0).
10
Let s(u) be the first derivative of -u**4/24 - 5*u**3/6 + 3*u**2/2 - 3. Let o(z) be the second derivative of s(z). Determine o(-3).
-2
Let a(c) = 5*c**3 + 18*c**2 - 23*c + 9. Let s(u) = 2*u**3 + 6*u**2 - 8*u + 3. Let g(y) = -3*a(y) + 8*s(y). Let q be (-10)/1*1/(-2). Determine g(q).
-3
Let z(d) = d - 1. Let b be z(2). Let o be b/(-1) - (0 - 2). Suppose 3*t + 2 = -o. Let w(k) = -2*k + 1. Determine w(t).
3
Let b(h) = 2 - 3 + 0*h - h - 3. Calculate b(0).
-4
Let j(s) = 5 - 36*s - s**3 + 5*s**2 + 78*s - 44*s. Calculate j(5).
-5
Let p(v) = -4*v - 1. Let o be 0*-3*(-3)/18. Let a(r) = -2*r + o*r + 3*r. Let s(k) = -5*a(k) - p(k). Calculate s(5).
-4
Suppose r + 4 = -3*r. Let l(o) = 0*o - 8*o + o**2 + 7*o - 3*o**2. Give l(r).
-1
Let g(p) = 3 - 3*p + p**3 + 0*p**3 + 0 - 2*p**2. Let r be g(3). Let s(q) = -2 - q**2 - 3*q**2 + 3*q**2 - 1 + r*q. Determine s(3).
-3
Let d(o) = -o**3 + 6*o**2 - o + 7. Let w be d(6). Suppose -3*q + 76 = 52. Suppose -w - q = 3*y. Let x(s) = s**3 + 3*s**2 - 3*s - 2. What is x(y)?
7
Let q(w) = -w**3 + 6*w**2 + w - 5. Let n be q(6). Let d(s) be the first derivative of -3*s**2 - 1. What is d(n)?
-6
Let z(y) = y**3 + 5*y - 9. Let q(n) = 2*n**3 + 11*n - 19. Let s(b) = -6*q(b) + 13*z(b). What is s(0)?
-3
Let q(v) = 17*v**3 - v. Let n be (3 + (-1 - 1))/(-1). Calculate q(n).
-16
Let w(l) = -l**2 - 4*l + 2. Suppose 0*n + 5*n + 20 = 0. Let d be w(n). Let a(s) = 3*s**d - s**3 + 11 - 3*s**2 + s**2 - 2*s**2. Calculate a(0).
11
Let j(r) = 5*r - 6. Let f be (-3)/(-9)*(-1 - 2). Let q(x) = -x + 1. Let h(o) = -7*o + 7. Let u(t) = f*h(t) + 6*q(t). Let c(p) = -j(p) + 6*u(p). Calculate c(4).
4
Let l(y) be the third derivative of 0 + 1/24*y**4 + 1/6*y**3 - y**2 + 0*y. Suppose -13 + 3 = 2*k. What is l(k)?
-4
Let r = 4 - 1. Let z(g) be the first derivative of -g**2 + 4*g - 3. What is z(r)?
-2
Suppose -2*i = -18*i + 5*i. Let d(c) = 1. Let p(v) = v**3 + v**2 - v - 5. Let q(u) = 6*d(u) + p(u). Calculate q(i).
1
Let x(w) = -w**3 + 4*w**2 + 5*w - 1. Let h = -8 + 20. Let d be 92/(-14) + h/(-28). Let o = 12 + d. Give x(o).
-1
Suppose -2*f = -1 + 9. Let n(x) = 10*x - 11*x + 3 - 2. Calculate n(f).
5
Let y(b) = -b**2 - b + 1. Let k be y(2). Let j be (k/(-15))/((-2)/(-6)). Let n(q) = 11*q. Calculate n(j).
11
Let u(m) = -m**3 - 4*m**2 - 2*m - 6. Let w be u(-4). Suppose 2 = 2*l - 3*j + j, 0 = w*l + 3*j - 17. Let g(b) = b**2 + l*b - 6*b + 4 + b. Give g(0).
4
Suppose -4*d - 5*x = -d, 2*d - 2*x = 0. Let f(n) = 2 - 2*n + d*n - 2 + 1. Calculate f(1).
-1
Suppose -2*s + 3 = -9. Let f(u) be the first derivative of -u**3/3 + 7*u**2/2 - 6*u + 7. Calculate f(s).
0
Let n(z) = -z**2 - z + 16. Suppose w = 4*o - 8, -1 = -5*w + 3*o - 7. Give n(w).
16
Let i(k) = -6*k**2 + 5*k + 10. Let t(j) = -7*j**2 + 5*j + 11. Let n = -9 + 11. Suppose 0*u + n*u = 10. Let g(f) = u*t(f) - 6*i(f). Calculate g(5).
-5
Suppose -2*m + 1 = -5. Let u(z) = z**3 - 14*z - 3 - m*z**2 + 8*z**2 + 6*z. Calculate u(-6).
9
Let u = 46 - 46. Let r(p) be the first derivative of p**3/3 - 2*p - 1. Determine r(u).
-2
Let i(y) be the second derivative of -1/120*y**5 + 1/3*y**3 + 0*y**2 + 0 - 2*y - 1/360*y**6 + 0*y**4. Let l(u) be the second derivative of i(u). Give l(2).
-6
Let m(c) be the second derivative of c**3/6 - 3*c**2/2 + 15*c. Let y = -1 + 5. Calculate m(y).
1
Let z(a) = -7*a + 49. Let s be z(8). Let l(b) = -b - 3. What is l(s)?
4
Let o = 20 - 17. Let h(u) = 0*u**2 + 0*u - 2 + 3*u - u**2. Calculate h(o).
-2
Let n(j) = j**2 + 8*j + 7. Let w be n(-7). Let f(y) = -y**2 - y + 8. Calculate f(w).
8
Let o(l) = 4*l - 3. Let f = -10 + 20. Suppose 6 + f = 2*k. Let g be ((-2)/(-4))/(2/k). Calculate o(g).
5
Let y be 1 - 0 - (-4)/(-2). Let g = 2 - y. Let v(p) be the second derivative of -p**3/6 + 2*p**2 - 2*p. Give v(g).
1
Let x be (-15)/6 - 3/(-6). Let d(p) = 6 - p**3 + 3 - 10 - 2*p**2 - 2*p. Calculate d(x).
3
Let d(n) be the second derivative of -n**4/6 - n**3/2 - n. Let t(r) = r + 6. Let x be t(-6). Suppose x = -4*a - m - 4, 0 = -a - a - 2*m + 4. Determine d(a).
-2
Let o(k) = -1 - k**2 + 6*k**2 + k + 0*k**2. Determine o(-2).
17
Let u(a) be the first derivative of -a**4/4 + 10*a**3/3 - 9*a**2/2 - 7*a + 20. What is u(9)?
-7
Let b(y) = -y**3 - 5*y**2 - 6*y - 4. Let i be b(-4). Let h(a) = a**2 - 2*a - 5. Determine h(i).
3
Let t(c) = -c**3 - 5*c**2 + 2. Let y be t(-5). Let w(o) = -3 - 2 + 1 - y*o + o. Suppose 0 = 4*g - 12, 2*x = -5*g + 6 + 1. Calculate w(x).
0
Let p(o) = -7*o**3 - 4*o**2 - o - 2. Let z(v) = 6*v**3 + 4*v**2 + 2. Let c(w) = -5*p(w) - 6*z(w). Calculate c(-5).
-2
Let d(q) = -8*q + 4 + 3*q + 6*q. Determine d(-3).
1
Suppose 6*y = 38 + 34. Let r(b) = -b + 13. Give r(y).
1
Suppose 30 = l - 7*l. Let j(p) be the third derivative of -p**6/120 - p**5/10 - 7*p**4/24 - p**3/2 + p**2. Determine j(l).
7
Let h = -51 + 93. Let s be 49/h - (-1)/(-6). Let k(u) = -u**2. Give k(s).
-1
Let m(a) = 3*a**2 - 3*a + 1. Let f(h) = -h. Let b(q) = 6*f(q) - m(q). Let d(p) = -2*p**2 - 2*p - 1. Let t(w) = -3*b(w) + 4*d(w). Give t(1).
1
Let p be 2/(-5) - 7/(-5). Let v(r) = -13*r**2. Calculate v(p).
-13
Let w(d) = d - 9. Let x(p) = p**3 - 8*p**2 + 5. Let n be x(8). Suppose -n*k = -53 - 7. Suppose 2*z + z = k. What is w(z)?
-5
Let m be (3 + 2)/(-10)*(1 + -19). Let w(g) = -g + 4. Determine w(m).
-5
Let h(i) = 7*i**2 + i - 1. Let j = -5 + 7. Suppose 4 = -j*d + 2*m, 0 = 4*m - 0*m - 12. Determine h(d).
7
Let v(b) = 3 + 4*b - 5*b - 3*b. Let a = -6 - -8. Suppose 0*g + g = a. What is v(g)?
-5
Let x(p) = p**3 + 8*p**2 + 10*p + 7. Let t(i) = i**3 + 19*i**2 - 19*i + 13. Let n be t(-20). Calculate x(n).
-14
Let r be (248/(-310))/(0 - 2/(-10)). Let h(v) be the first derivative of 1/2*v**2 + 1 + 4*v. Give h(r).
0
Let n(g) be the first derivative of -2*g**3/3 - 3*g**2 - 32. Suppose -13 = 5*l - 3*o, 5*o + 0*o - 1 = -2*l. Let k be (24/2)/(-2) - l. Calculate n(k).
-8
Let x be (-4)/(-2) + 2 + -6. Let t(f) = 2*f**3 + 3*f**2 + f + 2. Give t(x).
-4
Let g(o) = -3*o - 2. Let p be g(1). Let s = 3 + -1. Let d(m) = -s*m + 2*m + m**3 - 4*m + 6 + 3*m**2 + m**2. Calculate d(p).
1
Suppose -5*q = 3*y - 2, -5*y + 2*q + 14 = 5*q. Let g(c) = -5*c + c**2 + c - y + 0. Give g(6).
8
Let v(a) = -7*a**3 - a**2. Let b be ((-2)/3)/((-4)/(-6)). What is v(b)?
6
Let k be ((-9)/(-6))/((-1)/(-2)). Suppose 3*m + k = -0. Let a(g) = -g + 1. Determine a(m).
2
Let i(g) = 2*g - 2*g - g - 1. Let c be i(3). Let x(k) = -2*k**2 - 6*k - 4. Calculate x(c).
-12
Let o(y) = -y**2 + 2*y - 2. Suppose m = 2 + 2. Determine o(m).
-10
Let h(g) = 5*g**3 + g**2 + 9*g + 2. Suppose 23 - 7 = 4*w. Let x = 1 + 2. Let u(m) = -4*m**3 - 2*m**2 - 8*m - 2. Let s(l) = w*u(l) + x*h(l). Determine s(-3).
-5
Let s(q) = 4*q - 2. Let l(t) = -2*t + 1. Let b(d) = -11*l(d) - 6*s(d). Calculate b(4).
-7
Let q(c) = c**3 - 2*c + 1 + 3*c + 0*c. Suppose -5*b + 1 = 3*y - 0, 0 = -y + 2. What is q(b)?
-1
Let o(d) = -d. Suppose -10 = -0*w - 2*w. Suppose -2*i - 15 = i + 3*y, w*y - 31 = 3*i. Give o(i).
7
Let b(q) be the third derivative of -q**6/120 + q**3/3 + 3*q**2. Suppose 3*m = r - 12, -5*r + 4*m = -0*r - 16. Calculate b(r).
2
Let g(u) = u**3 + 6*u**2 - 17*u - 6. Let t be g(-8). Let s(d) = -d**2 + 4*d - 2. Determine s(t).
2
Let g(i) be the first derivative of 2*i**3/3 - i**2 + 2*i + 1. Let l = -8 - -13. Let m(f) = f**2 - 4*f - 3. Let a be m(l). Determine g(a).
6
Let i(c) = -2 + 2*c**2 - 4 + 2*c + 5. Suppose 5*j = 4*l + 3, -l = -0*l - 3. Let h = 4 - j. Give i(h).
3
Let h(w) = -24*w**2 - 11*w. Let b(f) = 11*f**2 + 5*f. Let v(k) = 13*b(k) + 6*h(k). Calculate v(1).
-2
Let o(p) = -p**3 - p**2 + p. Let m(z) = 3*z**3 - 3*z - 5. Let c be (-2)/((-1)/(-2)*-4). Let u(l) = c*m(l) + 4*o(l). Give u(-4).
-9
Let j(c) = 4 - 4*c + 3*c + 0*c. Determine j(5).
-1
Let k(i) = 18*